ors of 43064990?
2, 5, 761, 5659
What are the prime factors of 222145555?
5, 44429111
List the prime factors of 101942047.
17, 29, 206779
List the prime factors of 129982663.
17, 449767
List the prime factors of 22557772.
2, 277, 20359
List the prime factors of 491038661.
23, 73, 292459
List the prime factors of 3641225708.
2, 910306427
List the prime factors of 2453600607.
3, 817866869
List the prime factors of 624633708.
2, 3, 59, 882251
List the prime factors of 613626119.
811, 756629
What are the prime factors of 919451362?
2, 139, 3307379
What are the prime factors of 134167220?
2, 5, 11, 55441
What are the prime factors of 531106951?
14033, 37847
List the prime factors of 3121748069.
11, 89, 3188711
List the prime factors of 585216765.
3, 5, 7, 619277
List the prime factors of 2334898675.
5, 93395947
What are the prime factors of 4083981998?
2, 47, 43446617
What are the prime factors of 1916905278?
2, 3, 17, 29, 648041
What are the prime factors of 3255747?
3, 11, 8969
What are the prime factors of 1822029040?
2, 5, 13, 569, 3079
What are the prime factors of 114346157?
1259, 90823
List the prime factors of 1019830036.
2, 10193, 25013
List the prime factors of 45265779.
3, 13, 386887
List the prime factors of 1066554211.
17, 3690499
What are the prime factors of 135889754?
2, 7, 11, 13, 103, 659
List the prime factors of 3487361220.
2, 3, 5, 7, 2767747
List the prime factors of 2273981921.
19, 119683259
What are the prime factors of 53878915?
5, 10775783
What are the prime factors of 3516351?
3, 607, 1931
List the prime factors of 116271852.
2, 3, 149, 65029
What are the prime factors of 115510995?
3, 5, 97, 8821
List the prime factors of 248023973.
23, 10783651
List the prime factors of 113987276.
2, 13, 2192063
List the prime factors of 5003249.
5003249
List the prime factors of 805429943.
3617, 222679
What are the prime factors of 48337434?
2, 3, 571, 4703
List the prime factors of 398155706.
2, 13, 47, 97, 3359
What are the prime factors of 98346633?
3, 7, 11, 43, 9901
What are the prime factors of 5301261185?
5, 11, 96386567
What are the prime factors of 902012015?
5, 47, 81667
List the prime factors of 269313271.
283, 951637
What are the prime factors of 1599321151?
149, 2083, 5153
List the prime factors of 217077889.
7, 43, 269, 383
What are the prime factors of 1534708455?
3, 5, 7, 61, 239611
What are the prime factors of 15991510?
2, 5, 1599151
What are the prime factors of 60556806?
2, 3, 3364267
What are the prime factors of 3464098239?
3, 7, 164957059
List the prime factors of 40400452.
2, 10100113
What are the prime factors of 3354099737?
163, 20577299
List the prime factors of 15987561.
3, 5329187
What are the prime factors of 174435469?
13, 13418113
What are the prime factors of 2721159936?
2, 3, 11, 19, 5651
List the prime factors of 8297029.
13, 638233
What are the prime factors of 44098644?
2, 3, 151, 24337
List the prime factors of 331316955.
3, 5, 23, 320113
List the prime factors of 3107235633.
3, 5519, 187669
List the prime factors of 1395388933.
1395388933
List the prime factors of 90610816.
2, 17, 41641
What are the prime factors of 36691201?
1901, 19301
What are the prime factors of 184304287?
4787, 38501
List the prime factors of 30518954.
2, 1531, 9967
List the prime factors of 123104005.
5, 241, 102161
List the prime factors of 21459868.
2, 347, 15461
What are the prime factors of 2080491905?
5, 41, 10148741
List the prime factors of 919917945.
3, 5, 809, 8423
What are the prime factors of 47983060?
2, 5, 23, 104311
What are the prime factors of 93077515?
5, 59, 315517
What are the prime factors of 219785574?
2, 3, 36630929
What are the prime factors of 144817906?
2, 72408953
List the prime factors of 291955278.
2, 3, 107, 454759
List the prime factors of 255591878.
2, 127795939
What are the prime factors of 97442466?
2, 3, 11, 1476401
List the prime factors of 419598948.
2, 3, 2767, 12637
What are the prime factors of 188189471?
19, 9904709
What are the prime factors of 1489490787?
3, 23, 4217, 5119
List the prime factors of 828913884.
2, 3, 69076157
List the prime factors of 1430445524.
2, 31, 11535851
List the prime factors of 130940682.
2, 3, 2081, 10487
What are the prime factors of 177019231?
9679, 18289
What are the prime factors of 1054477322?
2, 527238661
List the prime factors of 1309312300.
2, 5, 29, 353, 1279
What are the prime factors of 2061793913?
313, 6587201
List the prime factors of 76968268.
2, 13, 89, 16631
List the prime factors of 89224197.
3, 107, 239, 1163
What are the prime factors of 16423002?
2, 3, 107, 8527
What are the prime factors of 180428093?
1031, 175003
List the prime factors of 2989089854.
2, 179, 419, 19927
What are the prime factors of 414065837?
414065837
List the prime factors of 1560990029.
103, 199, 76157
What are the prime factors of 62032314?
2, 3, 10338719
List the prime factors of 66260497.
66260497
What are the prime factors of 305747653?
305747653
List the prime factors of 41038007.
41, 839, 1193
List the prime factors of 104050017.
3, 1283, 9011
List the prime factors of 119605097.
229, 409, 1277
What are the prime factors of 9021490?
2, 5, 337, 2677
What are the prime factors of 1728435700?
2, 5, 19, 163, 5581
List the prime factors of 212894006.
2, 13, 8188231
List the prime factors of 27656395.
5, 13, 179, 2377
List the prime factors of 280939746.
2, 3, 46823291
What are the prime factors of 333051552?
2, 3, 1156429
List the prime factors of 49266408.
2, 3, 17, 7103
What are the prime factors of 3042421058?
2, 27773, 54773
List the prime factors of 556847746.
2, 7, 13, 71, 43093
List the prime factors of 58768497.
3, 725537
List the prime factors of 79447443.
3, 17, 29, 53717
What are the prime factors of 61018064?
2, 691, 5519
What are the prime factors of 3788627786?
2, 17, 6323, 17623
What are the prime factors of 54215763?
3, 7, 61, 42323
What are the prime factors of 728125011?
3, 17, 19, 29, 2879
List the prime factors of 50449307.
31, 59, 27583
List the prime factors of 103006772.
2, 11, 53, 44171
What are the prime factors of 41065961?
193, 212777
What are the prime factors of 302183058?
2, 3, 17, 79, 37501
What are the prime factors of 19576268?
2, 1979, 2473
What are the prime factors of 4330262576?
2, 17, 15920083
What are the prime factors of 14598303?
3, 31, 156971
What are the prime factors of 140220158?
2, 13, 37, 145759
What are the prime factors of 3544923513?
3, 7817, 151163
What are the prime factors of 1954800628?
2, 11, 89, 499183
What are the prime factors of 337277028?
2, 3, 11, 2555129
List the prime factors of 229183068.
2, 3, 19098589
List the prime factors of 1429293668.
2, 11, 593, 54779
What are the prime factors of 36795588?
2, 3, 107, 28657
List the prime factors of 973273302.
2, 3, 1877, 28807
What are the prime factors of 5758406?
2, 19, 151537
What are the prime factors of 927327921?
3, 13, 173, 137443
What are the prime factors of 66640734?
2, 3, 3702263
What are the prime factors of 1836987147?
3, 68036561
List the prime factors of 1540766.
2, 733, 1051
List the prime factors of 2200857110.
2, 5, 220085711
What are the prime factors of 1250990060?
2, 5, 62549503
What are the prime factors of 17042455?
5, 67, 50873
List the prime factors of 1222643.
1222643
List the prime factors of 587705564.
2, 31, 751, 6311
What are the prime factors of 5691203486?
2, 2845601743
What are the prime factors of 89412457?
521, 171617
List the prime factors of 49034360.
2, 5, 29, 41, 1031
List the prime factors of 304324575.
3, 5, 4057661
What are the prime factors of 665540227?
11, 19, 29, 109807
What are the prime factors of 167609947?
23, 67, 4729
What are the prime factors of 2106524856?
2, 3, 53, 1656073
What are the prime factors of 610442400?
2, 3, 5, 347, 733
What are the prime factors of 533308601?
7, 193, 56393
List the prime factors of 114187007.
11, 29, 59, 6067
List the prime factors of 47962564.
2, 13, 922357
List the prime factors of 96602613.
3, 32200871
What are the prime factors of 511874641?
17, 983, 30631
List the prime factors of 325965514.
2, 7, 17, 241, 5683
What are the prime factors of 59489490?
2, 3, 5, 239, 8297
What are the prime factors of 137135232?
2, 3, 13, 9157
List the prime factors of 11283894.
2, 3, 208